s be p(15). Suppose -4*l = -2*l, -l + s = -2*x. Let f(n) = n**3 + 2*n**2 + n + 2. Calculate f(x).
0
Let h(x) = 327*x**3 - 9*x**2 + 3*x - 4. Let d be h(6). Let o(w) = -d + 70329 - w**2 - 2*w - 3*w. Let v(u) = 8*u + 1. Let k be v(-1). Give o(k).
-7
Let c(x) = -3*x**2 - 13*x + 15. Suppose -741*b + 187 + 3 = -779*b. Give c(b).
5
Let a be (-3 - (-4 - -1)) + (-6)/(-1). Let h be (-21)/(a/2) + -1. Let w(z) = z + 5. What is w(h)?
-3
Let i(z) = 2*z**3 - 2083 + z**3 - 8*z + 4187 - 4*z**3 - 2093 + 4*z**2. Calculate i(3).
-4
Suppose -5*d - 4*c + 30 = 0, -2*c + 7 + 3 = 0. Let v(s) = 1 - 5*s + 0*s - 3*s**2 + 4*s. Give v(d).
-13
Let s(z) = 2*z. Let m(p) = p**3 - 7*p**2 + 26*p - 10. Let q(t) = -m(t) + 5*s(t). Give q(4).
-6
Let p(w) = -31818*w**3 + 27 + 15910*w**3 - 6*w**2 - 5*w + 15909*w**3. Give p(6).
-3
Let g(c) = -c**2 + 7*c - 3*c - 30*c - 34*c + 473 - 86. Calculate g(6).
-9
Suppose 0 = -6*o + 14*c - 15*c + 72, 0 = -4*o + 2*c + 32. Let d(m) = -m**3 + 13*m**2 - 15*m - 13. Calculate d(o).
64
Suppose 5*n = 4*t - 102, -3*t = n + 24 - 15. Let k = -17 + 29. Let d = n + k. Let p(o) = -o**2 - 4*o + 4. Calculate p(d).
-8
Let g(p) = p**3 - 5*p**2 - 5*p - 8. Suppose 5*l + 56*x = 52*x + 46, l = x + 2. Calculate g(l).
-2
Let r(o) = 2*o**3 + 23*o**2 + 445*o + 5479. Let g be r(-12). Let u = 15 - 10. Let k(z) = 0*z - z - u + 10. Calculate k(g).
10
Let f(i) = -440*i + 194*i + 233*i - 2. What is f(1)?
-15
Suppose 3*p = -q, -4*p = 5*q + p - 10. Let w(k) = 9 + 6*k**2 + 0*k**3 + 5*k + k**q - 3*k. Suppose l - 26 = -60 + 28. Give w(l).
-3
Let j = 10282 - 10278. Let i(y) be the second derivative of -7/12*y**j - 2/3*y**3 - 1/20*y**5 + 0 - 11*y + 5/2*y**2. Give i(-6).
-7
Let r = 16 + -10. Let s(l) = 2*l**2 + 5*l + 7. Let b(o) = -39 + o + 21 - 13 - 7*o + 23 - 3*o**2. Let u(c) = r*b(c) + 7*s(c). What is u(2)?
-17
Suppose -81*c + 63*c = 90. Let d(u) = u**3 + 4*u**2 - 3*u + 2. Determine d(c).
-8
Let u(w) = -9*w**3 - 20*w**2 - 43*w + 30. Let x(v) = -2*v**3 - 4*v**2 - 9*v + 6. Let g(h) = -3*u(h) + 14*x(h). Let p be 7 - (1 + 1 - -1). Determine g(p).
6
Suppose -365*n + 105 = -344*n. Let v(t) = t**2 - 5*t - 3. What is v(n)?
-3
Let h(r) = 3*r**3 + r**2 + r - 4. Let y be h(0). Let q(g) = -14*g**2 + 5*g - 3. Let a(k) = -3*k**2 + k - 1. Let o(t) = y*a(t) + q(t). What is o(5)?
-44
Suppose 0 = 4*g - 0*g + 4*t - 20, 3*t - 15 = -g. Suppose -6*q + 135 - 99 = g. Let z(w) = -w**3 + 5*w**2 + 7*w. Give z(q).
6
Suppose 5*c + 1 - 37 = -2*w, 4*w = -c. Let j(a) = -3*a - 10. Determine j(c).
-34
Let w(i) = i - 4. Let m = -766 - -802. Suppose 35*t - 40*t = s - m, -t + s + 12 = 0. Give w(t).
4
Let d = -1 + 0. Suppose -5*w = -3*s - 11, -3*s - 11 = -5. Let o(a) = -a - 7. Let u(p) = 14*p + 41. Let g(x) = w*u(x) + 6*o(x). Calculate g(d).
-9
Let z(r) = -9*r + 14. Suppose 81*s - 52 = 68*s. Determine z(s).
-22
Let z(j) = 4 + 12 + 11 + 20*j + j**2 + 26 - 52. Determine z(0).
1
Let q(c) = -3*c**3 - 186*c**2 - c - 42. Let y be q(-62). Let i(n) = -n + 1. Calculate i(y).
-19
Let d be (-9 + 987)*(1 + 2/(-4)). Let f = 494 - d. Let l(s) = -4*s - 6. Determine l(f).
-26
Let t = -204 - -374. Let j = t + -179. Let w(f) = f**3 + 10*f**2 + 10*f - 4. Calculate w(j).
-13
Let t(c) be the second derivative of c**5/20 - 17*c**4/12 + 32*c**3/3 - 4*c**2 + 1783*c + 2. Give t(6).
-20
Let t be (-666)/(-5) + 5/(-25). Suppose 7*k + t = 112. Let y(p) be the second derivative of p**3/6 - p. Determine y(k).
-3
Let m(h) = h**2 - 4*h - 4. Suppose 2*n + 3*p = 30, n + 0*p = -p + 15. Suppose 3*v + 2*b = n, -2*v + b = -6 + 3. What is m(v)?
-7
Let l(o) = -16*o. Let b be l(1). Let d(g) = -4 + 65*g**2 - 16*g + 2 + 85*g**2 + 58*g**2 - 209*g**2. Give d(b).
-2
Let z(l) = -l + 4. Let w = 33 + -31. Suppose -6*n = -w*n + 40. Let i(f) = -f**2 - 9*f + 13. Let u be i(n). Determine z(u).
1
Let h be (3 - 148/20)*-10. Let z = h + -42. Suppose 3*t - 12 = -o, z*t - 5*t - 2*o = -12. Let p(n) = n**3 - 3*n**2 - 3*n + 5. Determine p(t).
9
Let u(w) = w**3 + w**2 - w + 2. Suppose 30*b + 30 = 27*b. Let i be (-2)/3*(b + (-87)/(-6)). Calculate u(i).
-13
Let b(g) be the first derivative of -g**4/4 + 11*g**3/3 + g**2/2 - 15*g - 145. Determine b(11).
-4
Let w(c) = -7*c**3 + c**2 + c - 1. Let g be ((-6)/45*-27)/((-6)/160). Let z = g + 100. Let x be 2*(-1)/(-6) - z/(-6). Give w(x).
-6
Let d(x) = -578*x**2 + 124*x - 91. Let h(l) = -315*l**2 + 63*l - 46. Let b(v) = 6*d(v) - 11*h(v). Give b(16).
8
Let x be 6/8*(25 - 1). Suppose 2 = 16*c - x*c. Let j(b) = 3*b**3 - 2*b - 2. Let u be j(c). Let w(q) = q**3 + 2*q**2 - 2*q + 3. Determine w(u).
0
Let i be 6/(1 - (273/45 - 5)). Let v be i/(-150) + (-16)/10 - -2. Let o(c) = 16*c**2 - 2*c + 1. Calculate o(v).
15
Let a(h) = 2*h**3 + 29*h**2 + 13*h + 15. Let i(o) = 7*o**3 + 99*o**2 + 40*o + 46. Let u(t) = 13*a(t) - 4*i(t). What is u(-10)?
21
Let h(w) = w**2 + 15*w + 18. Suppose -5*x - u = -23, 0*u = 3*u - 9. Suppose 2*r - x = -32. What is h(r)?
4
Let v = -75 - -78. Let d(h) = 3*h**v + 498 - 508 - 4*h**3 - 8*h**2 - 2*h. Give d(-8).
6
Let g(x) = -x - 10. Let i = -54 - -79. Suppose i*l = 23*l + 4. Suppose 0 = 2*h + l*h + 40. Give g(h).
0
Let v(z) be the third derivative of 2*z**4/3 - z**3/6 - 72*z**2 - 2. Calculate v(-3).
-49
Let l(n) = n**2 + 3*n - 1. Suppose -2*z - 21 = 5*m, m + 4*z + 2 - 5 = 0. Let r be (3 + -5)*(4 + -5). Let v = r + m. Calculate l(v).
-1
Let o(s) be the first derivative of 1/120*s**6 - 1/10*s**5 - 1/3*s**3 + 1/12*s**4 + 1/2*s**2 + 5 + 0*s. Let w(r) be the second derivative of o(r). Give w(5).
-17
Let p be (8/2 - (-119)/(-17)) + 13. Suppose -p*k - k = -22. Let n(o) = -14*o + 6*o - o**k + 0*o - 6. What is n(-7)?
1
Let c(j) = -j**2 - 21. Suppose 38 = -m - 5*w, 2*m + 5*w + 45 + 21 = 0. Let z(n) = -n**2 - 30*n - 56. Let o be z(m). Calculate c(o).
-21
Suppose -135 = -2*w - 199. Let f = -32 - w. Suppose 0*y - j - 10 = 5*y, f = 3*y - 3*j + 24. Let b(z) = z**3 + 2*z**2 - 3*z. Determine b(y).
0
Let j = -7 - 1. Let h(k) be the second derivative of k**5/20 + 7*k**4/12 - 3*k**3/2 + 5*k**2/2 - 53129*k. Determine h(j).
13
Let z(d) be the second derivative of d**5/20 + d**4/4 - d**3/6 + d**2/2 - d - 1948. Let g = -6 - -2. What is z(g)?
-11
Let r = -249 + 233. Let u(o) = -o**2 - 14*o + 43. Give u(r).
11
Let t(o) = -5*o**2 - 18*o - 6. Let c(x) = 7*x**2 + 28*x + 9. Let m(l) = -7*c(l) - 10*t(l). Calculate m(13).
-42
Let n(b) = 2*b**3 - 2*b**2. Let d(p) = p**2 - 12*p + 9. Suppose 5*s + 38 = 3*j + 3*s, 0 = j + 5*s - 24. Let z be d(j). Let a = -35 + z. Determine n(a).
8
Suppose 3*w - 2 = 2*w. Let z(n) be the second derivative of -5*n**4/12 + n**3/3 - 3*n**2/2 - 11114*n. What is z(w)?
-19
Let m(o) be the second derivative of o**5/10 - o**4/4 + o**3/6 - o**2/2 - 5*o. Suppose 45 = 10*a - 5*a. Let j be (-12)/(-54) - (-16)/a. Give m(j).
5
Let n(d) = -d**3 - 4*d**2 - 5*d - 6. Let l(r) = 2*r**3 + 3*r**2 + 4*r + 5. Let b(j) = 2*l(j) + 3*n(j). Suppose -15*a - 84 = -1434. Let t = 97 - a. Give b(t).
-8
Let b(z) = -5*z**2 + 6*z - 3. Let i be 8/(-6) + 25/75. Let h(m) = m**2. Let y(u) = i*b(u) - 4*h(u). What is y(6)?
3
Let v(b) = b**3 - b**2 + 4*b + 7. Let m(h) = 2*h**3 - 4*h**2 + 8*h + 15. Let y(o) = 4*m(o) - 9*v(o). Give y(-6).
-15
Let q(i) = -i**2 - i - 8. Let l be (-8)/68 - (-3)/((-102)/936*4). Determine q(l).
-50
Let t = -2 + 7. Let y(d) be the first derivative of -d**4/4 + 4*d**3/3 + 3*d**2 - 3*d + 3124. Give y(t).
2
Suppose 31*o + 2 = 27*o + 3*a, 2*o + 4 = 3*a. Let n(f) = -56*f**3 - o - 7*f + 27*f**3 - f + 6*f + 0. What is n(-1)?
30
Let x(w) be the second derivative of w**4/12 + 3*w**3 + 73*w**2/2 - 1852*w. Calculate x(-8).
-7
Suppose -30 = 5*o + 2*z, 0 = -5*o - 0*o + 4*z - 30. Suppose 171*g - 252 = 159*g. Let t(b) = -5 + 5*b - g*b + 7*b + 10*b. Give t(o).
-11
Let b(w) = -w**3 - 23*w**2 - 19*w + 51. Suppose -330 = 33*t - 18*t. Give b(t).
-15
Suppose 3*c - c = 0. Let o be (-56)/21 - 84/(-18). Suppose c = 2*i - 4*a + 12, -5*i - 32 = a - o. Let b(f) = f**3 + 7*f**2 + 8*f + 1. Determine b(i).
-11
Suppose -128*f - 34 = -129*f. Suppose -8*m - 30 = f. Let j(v) = v**2 + 7*v + 5. Determine j(m).
13
Let i(l) = -3*l**2 + 5*l - 3. Let f(o) = 13*o**2 - 20*o + 11. Let g(j) = 2*f(j) + 9*i(j). Let b be (-356)/(-70) + 111/(-1295). Give g(b).
-5
Let p(n) = 6*n**3 + 239*n**2 - 41*n - 61. Let f be p(-40). Let g(d) = -10*d**2 - 208*d + 38. Give g(f).
-4
Let w(t) = -t**3 + 13*t